{"id":11869,"date":"2021-06-23T03:07:24","date_gmt":"2021-06-23T03:07:24","guid":{"rendered":"https:\/\/www.xst.mx\/site\/?page_id=11869"},"modified":"2021-07-06T14:34:14","modified_gmt":"2021-07-06T14:34:14","slug":"beaver","status":"publish","type":"page","link":"https:\/\/www.xst.mx\/site\/beaver\/","title":{"rendered":"Beaver"},"content":{"rendered":"\t\t<div data-elementor-type=\"wp-page\" data-elementor-id=\"11869\" class=\"elementor elementor-11869\">\n\t\t\t\t\t\t<section class=\"elementor-section elementor-top-section elementor-element elementor-element-c462022 elementor-section-boxed elementor-section-height-default elementor-section-height-default\" data-id=\"c462022\" data-element_type=\"section\" data-settings=\"{&quot;background_background&quot;:&quot;classic&quot;}\">\n\t\t\t\t\t\t\t<div class=\"elementor-background-overlay\"><\/div>\n\t\t\t\t\t\t\t<div class=\"elementor-container elementor-column-gap-default\">\n\t\t\t\t\t<div class=\"elementor-column elementor-col-100 elementor-top-column elementor-element elementor-element-7fcfd4a\" data-id=\"7fcfd4a\" data-element_type=\"column\">\n\t\t\t<div class=\"elementor-widget-wrap elementor-element-populated\">\n\t\t\t\t\t\t<div class=\"elementor-element elementor-element-77cde39 elementor-widget elementor-widget-heading\" data-id=\"77cde39\" data-element_type=\"widget\" data-widget_type=\"heading.default\">\n\t\t\t\t<div class=\"elementor-widget-container\">\n\t\t\t<h1 class=\"elementor-heading-title elementor-size-default\">Beaver<\/h1>\t\t<\/div>\n\t\t\t\t<\/div>\n\t\t\t\t\t<\/div>\n\t\t<\/div>\n\t\t\t\t\t<\/div>\n\t\t<\/section>\n\t\t\t\t<section class=\"elementor-section elementor-top-section elementor-element elementor-element-20f043a elementor-section-boxed elementor-section-height-default elementor-section-height-default\" data-id=\"20f043a\" data-element_type=\"section\">\n\t\t\t\t\t\t<div class=\"elementor-container elementor-column-gap-default\">\n\t\t\t\t\t<div class=\"elementor-column elementor-col-100 elementor-top-column elementor-element elementor-element-50607ab elementor-invisible\" data-id=\"50607ab\" data-element_type=\"column\" data-settings=\"{&quot;animation&quot;:&quot;fadeInDown&quot;}\">\n\t\t\t<div class=\"elementor-widget-wrap elementor-element-populated\">\n\t\t\t\t\t\t<div class=\"elementor-element elementor-element-22adebf elementor-widget elementor-widget-heading\" data-id=\"22adebf\" data-element_type=\"widget\" data-widget_type=\"heading.default\">\n\t\t\t\t<div class=\"elementor-widget-container\">\n\t\t\t<h2 class=\"elementor-heading-title elementor-size-default\">BEAVER 2019 - 2020 Sistema para la administraci\u00f3n de obra<\/h2>\t\t<\/div>\n\t\t\t\t<\/div>\n\t\t\t\t\t<\/div>\n\t\t<\/div>\n\t\t\t\t\t<\/div>\n\t\t<\/section>\n\t\t\t\t<section class=\"elementor-section elementor-top-section elementor-element elementor-element-a5453e2 elementor-section-boxed elementor-section-height-default elementor-section-height-default\" data-id=\"a5453e2\" data-element_type=\"section\">\n\t\t\t\t\t\t<div class=\"elementor-container elementor-column-gap-default\">\n\t\t\t\t\t<div class=\"elementor-column elementor-col-100 elementor-top-column elementor-element elementor-element-d0e4400\" data-id=\"d0e4400\" data-element_type=\"column\">\n\t\t\t<div class=\"elementor-widget-wrap elementor-element-populated\">\n\t\t\t\t\t\t<div class=\"elementor-element elementor-element-a56026f elementor-invisible elementor-widget elementor-widget-heading\" data-id=\"a56026f\" data-element_type=\"widget\" data-settings=\"{&quot;_animation&quot;:&quot;fadeInDown&quot;}\" data-widget_type=\"heading.default\">\n\t\t\t\t<div class=\"elementor-widget-container\">\n\t\t\t<h3 class=\"elementor-heading-title elementor-size-default\">Caracter\u00edsticas<\/h3>\t\t<\/div>\n\t\t\t\t<\/div>\n\t\t\t\t\t<\/div>\n\t\t<\/div>\n\t\t\t\t\t<\/div>\n\t\t<\/section>\n\t\t\t\t<section class=\"elementor-section elementor-top-section elementor-element elementor-element-2542990 elementor-section-boxed elementor-section-height-default elementor-section-height-default elementor-invisible\" data-id=\"2542990\" data-element_type=\"section\" data-settings=\"{&quot;animation&quot;:&quot;fadeInRight&quot;}\">\n\t\t\t\t\t\t<div class=\"elementor-container elementor-column-gap-default\">\n\t\t\t\t\t<div class=\"elementor-column elementor-col-66 elementor-top-column elementor-element elementor-element-34eea80\" data-id=\"34eea80\" data-element_type=\"column\">\n\t\t\t<div class=\"elementor-widget-wrap elementor-element-populated\">\n\t\t\t\t\t\t<div class=\"elementor-element elementor-element-f848efd elementor-widget elementor-widget-image\" data-id=\"f848efd\" data-element_type=\"widget\" data-widget_type=\"image.default\">\n\t\t\t\t<div class=\"elementor-widget-container\">\n\t\t\t\t\t\t\t\t\t\t\t\t\t<img fetchpriority=\"high\" decoding=\"async\" width=\"900\" height=\"600\" src=\"https:\/\/www.xst.mx\/site\/wp-content\/uploads\/2020\/12\/pexels-element-digital-775034-1.jpg\" class=\"attachment-1536x1536 size-1536x1536 wp-image-1712\" alt=\"\" srcset=\"https:\/\/www.xst.mx\/site\/wp-content\/uploads\/2020\/12\/pexels-element-digital-775034-1.jpg 900w, https:\/\/www.xst.mx\/site\/wp-content\/uploads\/2020\/12\/pexels-element-digital-775034-1-300x200.jpg 300w, https:\/\/www.xst.mx\/site\/wp-content\/uploads\/2020\/12\/pexels-element-digital-775034-1-768x512.jpg 768w\" sizes=\"(max-width: 900px) 100vw, 900px\" \/>\t\t\t\t\t\t\t\t\t\t\t\t\t<\/div>\n\t\t\t\t<\/div>\n\t\t\t\t\t<\/div>\n\t\t<\/div>\n\t\t\t\t<div class=\"elementor-column elementor-col-33 elementor-top-column elementor-element elementor-element-19eaf21\" data-id=\"19eaf21\" data-element_type=\"column\">\n\t\t\t<div class=\"elementor-widget-wrap elementor-element-populated\">\n\t\t\t\t\t\t<div class=\"elementor-element elementor-element-3f5058c elementor-widget elementor-widget-text-editor\" data-id=\"3f5058c\" data-element_type=\"widget\" data-widget_type=\"text-editor.default\">\n\t\t\t\t<div class=\"elementor-widget-container\">\n\t\t\t\t\t\t\tFacilita el manejo de la informaci\u00f3n que fluye en un proceso de construcci\u00f3n que interconecta a los almacenes, a los residentes de obra con los almacenes y los supervisores por medio de aplicaciones m\u00f3viles que agilizan el flujo de informaci\u00f3n y optimizan los tiempos de respuesta.\t\t\t\t\t\t<\/div>\n\t\t\t\t<\/div>\n\t\t\t\t\t<\/div>\n\t\t<\/div>\n\t\t\t\t\t<\/div>\n\t\t<\/section>\n\t\t\t\t<section class=\"elementor-section elementor-top-section elementor-element elementor-element-291f0aa elementor-section-boxed elementor-section-height-default elementor-section-height-default elementor-invisible\" data-id=\"291f0aa\" data-element_type=\"section\" data-settings=\"{&quot;animation&quot;:&quot;fadeInLeft&quot;}\">\n\t\t\t\t\t\t<div class=\"elementor-container elementor-column-gap-default\">\n\t\t\t\t\t<div class=\"elementor-column elementor-col-66 elementor-top-column elementor-element elementor-element-05a33c4\" data-id=\"05a33c4\" data-element_type=\"column\">\n\t\t\t<div class=\"elementor-widget-wrap elementor-element-populated\">\n\t\t\t\t\t\t<div class=\"elementor-element elementor-element-c4b92e2 elementor-widget elementor-widget-text-editor\" data-id=\"c4b92e2\" data-element_type=\"widget\" data-widget_type=\"text-editor.default\">\n\t\t\t\t<div class=\"elementor-widget-container\">\n\t\t\t\t\t\t\t<p>Reducci\u00f3n de gastos innecesarios a trav\u00e9s del an\u00e1lisis de asignaci\u00f3n de insumos por proyecto\/casa.<\/p>\t\t\t\t\t\t<\/div>\n\t\t\t\t<\/div>\n\t\t\t\t\t<\/div>\n\t\t<\/div>\n\t\t\t\t<div class=\"elementor-column elementor-col-33 elementor-top-column elementor-element elementor-element-0e954c4\" data-id=\"0e954c4\" data-element_type=\"column\">\n\t\t\t<div class=\"elementor-widget-wrap elementor-element-populated\">\n\t\t\t\t\t\t<div class=\"elementor-element elementor-element-b595a1f elementor-widget elementor-widget-image\" data-id=\"b595a1f\" data-element_type=\"widget\" data-widget_type=\"image.default\">\n\t\t\t\t<div class=\"elementor-widget-container\">\n\t\t\t\t\t\t\t\t\t\t\t\t\t<img decoding=\"async\" width=\"1024\" height=\"576\" src=\"https:\/\/www.xst.mx\/site\/wp-content\/uploads\/2021\/06\/reduce-gastos-2-3-1024x576.jpg\" class=\"attachment-large size-large wp-image-11876\" alt=\"\" srcset=\"https:\/\/www.xst.mx\/site\/wp-content\/uploads\/2021\/06\/reduce-gastos-2-3-1024x576.jpg 1024w, https:\/\/www.xst.mx\/site\/wp-content\/uploads\/2021\/06\/reduce-gastos-2-3-300x169.jpg 300w, https:\/\/www.xst.mx\/site\/wp-content\/uploads\/2021\/06\/reduce-gastos-2-3-768x432.jpg 768w, https:\/\/www.xst.mx\/site\/wp-content\/uploads\/2021\/06\/reduce-gastos-2-3-1536x864.jpg 1536w, https:\/\/www.xst.mx\/site\/wp-content\/uploads\/2021\/06\/reduce-gastos-2-3.jpg 1920w\" sizes=\"(max-width: 1024px) 100vw, 1024px\" \/>\t\t\t\t\t\t\t\t\t\t\t\t\t<\/div>\n\t\t\t\t<\/div>\n\t\t\t\t\t<\/div>\n\t\t<\/div>\n\t\t\t\t\t<\/div>\n\t\t<\/section>\n\t\t\t\t<section class=\"elementor-section elementor-top-section elementor-element elementor-element-afd8de5 elementor-section-boxed elementor-section-height-default elementor-section-height-default elementor-invisible\" data-id=\"afd8de5\" data-element_type=\"section\" data-settings=\"{&quot;animation&quot;:&quot;fadeInRight&quot;}\">\n\t\t\t\t\t\t<div class=\"elementor-container elementor-column-gap-default\">\n\t\t\t\t\t<div class=\"elementor-column elementor-col-33 elementor-top-column elementor-element elementor-element-c0f1f99\" data-id=\"c0f1f99\" data-element_type=\"column\">\n\t\t\t<div class=\"elementor-widget-wrap elementor-element-populated\">\n\t\t\t\t\t\t<div class=\"elementor-element elementor-element-e922074 elementor-widget elementor-widget-image\" data-id=\"e922074\" data-element_type=\"widget\" data-widget_type=\"image.default\">\n\t\t\t\t<div class=\"elementor-widget-container\">\n\t\t\t\t\t\t\t\t\t\t\t\t\t<img decoding=\"async\" width=\"600\" height=\"375\" src=\"https:\/\/www.xst.mx\/site\/wp-content\/uploads\/2021\/06\/10-consultoria-big-data-e1624485920234.jpg\" class=\"attachment-1536x1536 size-1536x1536 wp-image-11877\" alt=\"\" srcset=\"https:\/\/www.xst.mx\/site\/wp-content\/uploads\/2021\/06\/10-consultoria-big-data-e1624485920234.jpg 600w, https:\/\/www.xst.mx\/site\/wp-content\/uploads\/2021\/06\/10-consultoria-big-data-e1624485920234-300x188.jpg 300w\" sizes=\"(max-width: 600px) 100vw, 600px\" \/>\t\t\t\t\t\t\t\t\t\t\t\t\t<\/div>\n\t\t\t\t<\/div>\n\t\t\t\t\t<\/div>\n\t\t<\/div>\n\t\t\t\t<div class=\"elementor-column elementor-col-66 elementor-top-column elementor-element elementor-element-c41c1d5\" data-id=\"c41c1d5\" data-element_type=\"column\">\n\t\t\t<div class=\"elementor-widget-wrap elementor-element-populated\">\n\t\t\t\t\t\t<div class=\"elementor-element elementor-element-32932d9 elementor-widget elementor-widget-text-editor\" data-id=\"32932d9\" data-element_type=\"widget\" data-widget_type=\"text-editor.default\">\n\t\t\t\t<div class=\"elementor-widget-container\">\n\t\t\t\t\t\t\t<p>Mejor control sobre los almacenes y sus movimientos de salida para evitar p\u00e9rdidas.<\/p>\t\t\t\t\t\t<\/div>\n\t\t\t\t<\/div>\n\t\t\t\t\t<\/div>\n\t\t<\/div>\n\t\t\t\t\t<\/div>\n\t\t<\/section>\n\t\t\t\t<section class=\"elementor-section elementor-top-section elementor-element elementor-element-7e54c52 elementor-section-boxed elementor-section-height-default elementor-section-height-default elementor-invisible\" data-id=\"7e54c52\" data-element_type=\"section\" data-settings=\"{&quot;animation&quot;:&quot;fadeInLeft&quot;}\">\n\t\t\t\t\t\t<div class=\"elementor-container elementor-column-gap-default\">\n\t\t\t\t\t<div class=\"elementor-column elementor-col-66 elementor-top-column elementor-element elementor-element-13615bf\" data-id=\"13615bf\" data-element_type=\"column\">\n\t\t\t<div class=\"elementor-widget-wrap elementor-element-populated\">\n\t\t\t\t\t\t<div class=\"elementor-element elementor-element-e23b002 elementor-widget elementor-widget-text-editor\" data-id=\"e23b002\" data-element_type=\"widget\" data-widget_type=\"text-editor.default\">\n\t\t\t\t<div class=\"elementor-widget-container\">\n\t\t\t\t\t\t\tControl y estimaciones de tiempos m\u00e1s efectivas debido a los reportes en tiempo real de los residentes.\t\t\t\t\t\t<\/div>\n\t\t\t\t<\/div>\n\t\t\t\t\t<\/div>\n\t\t<\/div>\n\t\t\t\t<div class=\"elementor-column elementor-col-33 elementor-top-column elementor-element elementor-element-65f9661\" data-id=\"65f9661\" data-element_type=\"column\">\n\t\t\t<div class=\"elementor-widget-wrap elementor-element-populated\">\n\t\t\t\t\t\t<div class=\"elementor-element elementor-element-81fef42 elementor-widget elementor-widget-image\" data-id=\"81fef42\" data-element_type=\"widget\" data-widget_type=\"image.default\">\n\t\t\t\t<div class=\"elementor-widget-container\">\n\t\t\t\t\t\t\t\t\t\t\t\t\t<img loading=\"lazy\" decoding=\"async\" width=\"1024\" height=\"682\" src=\"https:\/\/www.xst.mx\/site\/wp-content\/uploads\/2021\/06\/36054-6910569170.jpg\" class=\"attachment-large size-large wp-image-11878\" alt=\"\" srcset=\"https:\/\/www.xst.mx\/site\/wp-content\/uploads\/2021\/06\/36054-6910569170.jpg 1024w, https:\/\/www.xst.mx\/site\/wp-content\/uploads\/2021\/06\/36054-6910569170-300x200.jpg 300w, https:\/\/www.xst.mx\/site\/wp-content\/uploads\/2021\/06\/36054-6910569170-768x512.jpg 768w\" sizes=\"(max-width: 1024px) 100vw, 1024px\" \/>\t\t\t\t\t\t\t\t\t\t\t\t\t<\/div>\n\t\t\t\t<\/div>\n\t\t\t\t\t<\/div>\n\t\t<\/div>\n\t\t\t\t\t<\/div>\n\t\t<\/section>\n\t\t\t\t<section class=\"elementor-section elementor-top-section elementor-element elementor-element-153a083 elementor-section-boxed elementor-section-height-default elementor-section-height-default elementor-invisible\" data-id=\"153a083\" data-element_type=\"section\" data-settings=\"{&quot;animation&quot;:&quot;fadeInRight&quot;}\">\n\t\t\t\t\t\t<div class=\"elementor-container elementor-column-gap-default\">\n\t\t\t\t\t<div class=\"elementor-column elementor-col-33 elementor-top-column elementor-element elementor-element-342bdb2\" data-id=\"342bdb2\" data-element_type=\"column\">\n\t\t\t<div class=\"elementor-widget-wrap elementor-element-populated\">\n\t\t\t\t\t\t<div class=\"elementor-element elementor-element-744dae3 elementor-widget elementor-widget-image\" data-id=\"744dae3\" data-element_type=\"widget\" data-widget_type=\"image.default\">\n\t\t\t\t<div class=\"elementor-widget-container\">\n\t\t\t\t\t\t\t\t\t\t\t\t\t<img loading=\"lazy\" decoding=\"async\" width=\"900\" height=\"581\" src=\"https:\/\/www.xst.mx\/site\/wp-content\/uploads\/2021\/06\/nube-multiusuario.jpg\" class=\"attachment-large size-large wp-image-11879\" alt=\"\" srcset=\"https:\/\/www.xst.mx\/site\/wp-content\/uploads\/2021\/06\/nube-multiusuario.jpg 900w, https:\/\/www.xst.mx\/site\/wp-content\/uploads\/2021\/06\/nube-multiusuario-300x194.jpg 300w, https:\/\/www.xst.mx\/site\/wp-content\/uploads\/2021\/06\/nube-multiusuario-768x496.jpg 768w\" sizes=\"(max-width: 900px) 100vw, 900px\" \/>\t\t\t\t\t\t\t\t\t\t\t\t\t<\/div>\n\t\t\t\t<\/div>\n\t\t\t\t\t<\/div>\n\t\t<\/div>\n\t\t\t\t<div class=\"elementor-column elementor-col-66 elementor-top-column elementor-element elementor-element-e9677b9\" data-id=\"e9677b9\" data-element_type=\"column\">\n\t\t\t<div class=\"elementor-widget-wrap elementor-element-populated\">\n\t\t\t\t\t\t<div class=\"elementor-element elementor-element-eeafbc7 elementor-widget elementor-widget-text-editor\" data-id=\"eeafbc7\" data-element_type=\"widget\" data-widget_type=\"text-editor.default\">\n\t\t\t\t<div class=\"elementor-widget-container\">\n\t\t\t\t\t\t\t<p>Mejores decisiones lo que se traduce en un mejor aprovechamiento de la inversi\u00f3n.<\/p>\t\t\t\t\t\t<\/div>\n\t\t\t\t<\/div>\n\t\t\t\t<div class=\"elementor-element elementor-element-507d654 elementor-widget elementor-widget-text-editor\" data-id=\"507d654\" data-element_type=\"widget\" data-widget_type=\"text-editor.default\">\n\t\t\t\t<div class=\"elementor-widget-container\">\n\t\t\t\t\t\t\t<p>Sistema multiusuario, multiproyecto.<\/p>\t\t\t\t\t\t<\/div>\n\t\t\t\t<\/div>\n\t\t\t\t\t<\/div>\n\t\t<\/div>\n\t\t\t\t\t<\/div>\n\t\t<\/section>\n\t\t\t\t<section class=\"elementor-section elementor-top-section elementor-element elementor-element-b1dca20 elementor-section-boxed elementor-section-height-default elementor-section-height-default elementor-invisible\" data-id=\"b1dca20\" data-element_type=\"section\" data-settings=\"{&quot;animation&quot;:&quot;fadeInLeft&quot;}\">\n\t\t\t\t\t\t<div class=\"elementor-container elementor-column-gap-default\">\n\t\t\t\t\t<div class=\"elementor-column elementor-col-66 elementor-top-column elementor-element elementor-element-962cb19\" data-id=\"962cb19\" data-element_type=\"column\">\n\t\t\t<div class=\"elementor-widget-wrap\">\n\t\t\t\t\t\t\t<\/div>\n\t\t<\/div>\n\t\t\t\t<div class=\"elementor-column elementor-col-33 elementor-top-column elementor-element elementor-element-86dba94\" data-id=\"86dba94\" data-element_type=\"column\">\n\t\t\t<div class=\"elementor-widget-wrap\">\n\t\t\t\t\t\t\t<\/div>\n\t\t<\/div>\n\t\t\t\t\t<\/div>\n\t\t<\/section>\n\t\t\t\t<section class=\"elementor-section elementor-top-section elementor-element elementor-element-6556415 elementor-section-boxed elementor-section-height-default elementor-section-height-default elementor-invisible\" data-id=\"6556415\" data-element_type=\"section\" data-settings=\"{&quot;animation&quot;:&quot;fadeInUp&quot;}\">\n\t\t\t\t\t\t<div class=\"elementor-container elementor-column-gap-default\">\n\t\t\t\t\t<div class=\"elementor-column elementor-col-100 elementor-top-column elementor-element elementor-element-fc52903\" data-id=\"fc52903\" data-element_type=\"column\">\n\t\t\t<div class=\"elementor-widget-wrap elementor-element-populated\">\n\t\t\t\t\t\t<div class=\"elementor-element elementor-element-9de4037 elementor-widget elementor-widget-heading\" data-id=\"9de4037\" data-element_type=\"widget\" data-widget_type=\"heading.default\">\n\t\t\t\t<div class=\"elementor-widget-container\">\n\t\t\t<h3 class=\"elementor-heading-title elementor-size-default\">Lenguajes de  programaci\u00f3n <\/h3>\t\t<\/div>\n\t\t\t\t<\/div>\n\t\t\t\t<div class=\"elementor-element elementor-element-f30c611 elementor-widget elementor-widget-image-gallery\" data-id=\"f30c611\" data-element_type=\"widget\" data-widget_type=\"image-gallery.default\">\n\t\t\t\t<div class=\"elementor-widget-container\">\n\t\t\t\t\t<div class=\"elementor-image-gallery\">\n\t\t\t<div id='gallery-1' class='gallery galleryid-11869 gallery-columns-6 gallery-size-thumbnail'><figure class='gallery-item'>\n\t\t\t<div class='gallery-icon landscape'>\n\t\t\t\t<img loading=\"lazy\" decoding=\"async\" width=\"150\" height=\"150\" src=\"https:\/\/www.xst.mx\/site\/wp-content\/uploads\/2021\/06\/descarga-150x150.png\" class=\"attachment-thumbnail size-thumbnail\" alt=\"\" aria-describedby=\"gallery-1-11799\" srcset=\"https:\/\/www.xst.mx\/site\/wp-content\/uploads\/2021\/06\/descarga-150x150.png 150w, https:\/\/www.xst.mx\/site\/wp-content\/uploads\/2021\/06\/descarga.png 225w\" sizes=\"(max-width: 150px) 100vw, 150px\" \/>\n\t\t\t<\/div>\n\t\t\t\t<figcaption class='wp-caption-text gallery-caption' id='gallery-1-11799'>\n\t\t\t\tJS\n\t\t\t\t<\/figcaption><\/figure><figure class='gallery-item'>\n\t\t\t<div class='gallery-icon landscape'>\n\t\t\t\t<img loading=\"lazy\" decoding=\"async\" width=\"150\" height=\"150\" src=\"https:\/\/www.xst.mx\/site\/wp-content\/uploads\/2021\/06\/Angular_full_color_logo.svg_-150x150.png\" class=\"attachment-thumbnail size-thumbnail\" alt=\"\" aria-describedby=\"gallery-1-2294\" srcset=\"https:\/\/www.xst.mx\/site\/wp-content\/uploads\/2021\/06\/Angular_full_color_logo.svg_-150x150.png 150w, https:\/\/www.xst.mx\/site\/wp-content\/uploads\/2021\/06\/Angular_full_color_logo.svg_-300x300.png 300w, https:\/\/www.xst.mx\/site\/wp-content\/uploads\/2021\/06\/Angular_full_color_logo.svg_-1024x1024.png 1024w, https:\/\/www.xst.mx\/site\/wp-content\/uploads\/2021\/06\/Angular_full_color_logo.svg_-768x768.png 768w, https:\/\/www.xst.mx\/site\/wp-content\/uploads\/2021\/06\/Angular_full_color_logo.svg_.png 1200w\" sizes=\"(max-width: 150px) 100vw, 150px\" \/>\n\t\t\t<\/div>\n\t\t\t\t<figcaption class='wp-caption-text gallery-caption' id='gallery-1-2294'>\n\t\t\t\tANGULAR JS\n\t\t\t\t<\/figcaption><\/figure><figure class='gallery-item'>\n\t\t\t<div class='gallery-icon landscape'>\n\t\t\t\t<img loading=\"lazy\" decoding=\"async\" width=\"150\" height=\"150\" src=\"https:\/\/www.xst.mx\/site\/wp-content\/uploads\/2021\/06\/node-150x150.png\" class=\"attachment-thumbnail size-thumbnail\" alt=\"\" aria-describedby=\"gallery-1-2288\" srcset=\"https:\/\/www.xst.mx\/site\/wp-content\/uploads\/2021\/06\/node-150x150.png 150w, https:\/\/www.xst.mx\/site\/wp-content\/uploads\/2021\/06\/node-300x300.png 300w, https:\/\/www.xst.mx\/site\/wp-content\/uploads\/2021\/06\/node.png 512w\" sizes=\"(max-width: 150px) 100vw, 150px\" \/>\n\t\t\t<\/div>\n\t\t\t\t<figcaption class='wp-caption-text gallery-caption' id='gallery-1-2288'>\n\t\t\t\tNODE JS\n\t\t\t\t<\/figcaption><\/figure><figure class='gallery-item'>\n\t\t\t<div class='gallery-icon landscape'>\n\t\t\t\t<img loading=\"lazy\" decoding=\"async\" width=\"150\" height=\"150\" src=\"https:\/\/www.xst.mx\/site\/wp-content\/uploads\/2021\/06\/HTML5_Badge_512-150x150.png\" class=\"attachment-thumbnail size-thumbnail\" alt=\"\" aria-describedby=\"gallery-1-11889\" srcset=\"https:\/\/www.xst.mx\/site\/wp-content\/uploads\/2021\/06\/HTML5_Badge_512-150x150.png 150w, https:\/\/www.xst.mx\/site\/wp-content\/uploads\/2021\/06\/HTML5_Badge_512-300x300.png 300w, https:\/\/www.xst.mx\/site\/wp-content\/uploads\/2021\/06\/HTML5_Badge_512.png 512w\" sizes=\"(max-width: 150px) 100vw, 150px\" \/>\n\t\t\t<\/div>\n\t\t\t\t<figcaption class='wp-caption-text gallery-caption' id='gallery-1-11889'>\n\t\t\t\tHTML 5\n\t\t\t\t<\/figcaption><\/figure><figure class='gallery-item'>\n\t\t\t<div class='gallery-icon portrait'>\n\t\t\t\t<img loading=\"lazy\" decoding=\"async\" width=\"150\" height=\"150\" src=\"https:\/\/www.xst.mx\/site\/wp-content\/uploads\/2021\/06\/193-1937198_image-result-for-css3-icon-css-logo-transparent-150x150.png\" class=\"attachment-thumbnail size-thumbnail\" alt=\"\" aria-describedby=\"gallery-1-11891\" \/>\n\t\t\t<\/div>\n\t\t\t\t<figcaption class='wp-caption-text gallery-caption' id='gallery-1-11891'>\n\t\t\t\tCSS \n\t\t\t\t<\/figcaption><\/figure><figure class='gallery-item'>\n\t\t\t<div class='gallery-icon landscape'>\n\t\t\t\t<img loading=\"lazy\" decoding=\"async\" width=\"150\" height=\"150\" src=\"https:\/\/www.xst.mx\/site\/wp-content\/uploads\/2021\/06\/mysql-150x150.png\" class=\"attachment-thumbnail size-thumbnail\" alt=\"\" aria-describedby=\"gallery-1-12002\" srcset=\"https:\/\/www.xst.mx\/site\/wp-content\/uploads\/2021\/06\/mysql-150x150.png 150w, https:\/\/www.xst.mx\/site\/wp-content\/uploads\/2021\/06\/mysql.png 300w\" sizes=\"(max-width: 150px) 100vw, 150px\" \/>\n\t\t\t<\/div>\n\t\t\t\t<figcaption class='wp-caption-text gallery-caption' id='gallery-1-12002'>\n\t\t\t\tMYSQL\n\t\t\t\t<\/figcaption><\/figure>\n\t\t<\/div>\n\t\t<\/div>\n\t\t\t\t<\/div>\n\t\t\t\t<\/div>\n\t\t\t\t\t<\/div>\n\t\t<\/div>\n\t\t\t\t\t<\/div>\n\t\t<\/section>\n\t\t\t\t<\/div>\n\t\t","protected":false},"excerpt":{"rendered":"<p>Beaver BEAVER 2019 &#8211; 2020 Sistema para la administraci\u00f3n de obra Caracter\u00edsticas Facilita el manejo de la informaci\u00f3n que fluye en un proceso de construcci\u00f3n que interconecta a los almacenes, a los residentes de obra con los almacenes y los supervisores por medio de aplicaciones m\u00f3viles que agilizan el flujo de informaci\u00f3n y optimizan los&#8230;<\/p>\n","protected":false},"author":2,"featured_media":0,"parent":0,"menu_order":0,"comment_status":"closed","ping_status":"closed","template":"","meta":{"_kadence_starter_templates_imported_post":false,"_kad_post_transparent":"","_kad_post_title":"hide","_kad_post_layout":"fullwidth","_kad_post_sidebar_id":"","_kad_post_content_style":"unboxed","_kad_post_vertical_padding":"hide","_kad_post_feature":"hide","_kad_post_feature_position":"","_kad_post_header":false,"_kad_post_footer":false,"footnotes":""},"class_list":["post-11869","page","type-page","status-publish","hentry"],"_links":{"self":[{"href":"https:\/\/www.xst.mx\/site\/wp-json\/wp\/v2\/pages\/11869","targetHints":{"allow":["GET"]}}],"collection":[{"href":"https:\/\/www.xst.mx\/site\/wp-json\/wp\/v2\/pages"}],"about":[{"href":"https:\/\/www.xst.mx\/site\/wp-json\/wp\/v2\/types\/page"}],"author":[{"embeddable":true,"href":"https:\/\/www.xst.mx\/site\/wp-json\/wp\/v2\/users\/2"}],"replies":[{"embeddable":true,"href":"https:\/\/www.xst.mx\/site\/wp-json\/wp\/v2\/comments?post=11869"}],"version-history":[{"count":64,"href":"https:\/\/www.xst.mx\/site\/wp-json\/wp\/v2\/pages\/11869\/revisions"}],"predecessor-version":[{"id":12235,"href":"https:\/\/www.xst.mx\/site\/wp-json\/wp\/v2\/pages\/11869\/revisions\/12235"}],"wp:attachment":[{"href":"https:\/\/www.xst.mx\/site\/wp-json\/wp\/v2\/media?parent=11869"}],"curies":[{"name":"wp","href":"https:\/\/api.w.org\/{rel}","templated":true}]}}